 q a multiple of 32?
True
Let w(c) = -152*c - 10. Let n be w(5). Is 32 a factor of (-3)/9*(2 + n)?
True
Let x(g) = -g**2 - 20*g - 54. Let h be x(-17). Is ((-3)/(-9))/(h/(-7407))*1 a multiple of 33?
False
Is 34072*(-33)/(-24) - -22 a multiple of 11?
True
Let o(y) = 11*y + 88. Let k be o(-17). Let p = k + 187. Is 44 a factor of p?
True
Let h(j) = -j**3 - 18*j**2 + j. Let s be h(-18). Let r be 2/10 + s/(-10). Does 14 divide r/(8/(-130))*24/(-30)?
False
Let y(n) = 2752*n - 391. Is y(4) a multiple of 2?
False
Suppose 212171 = 21*x + 8555. Is x a multiple of 96?
True
Let w be (2 - (-22)/(-14)) + 5104/14. Is 3 a factor of 10*(3 - 1)*219/w?
True
Suppose -188*g + 24554 = -183*g + 4*l, 2*l = -g + 4906. Does 99 divide g?
False
Let d = 402 - 402. Suppose 4*y = -12, 3*a + 3*y + y - 933 = d. Is a a multiple of 9?
True
Let k(a) = a**2 + 8*a + 13. Let y be k(-5). Let u be (2/(-3) - 0)/(y/15). Suppose 3*f - 168 = u*p, 0*f + 2*p - 147 = -3*f. Is 17 a factor of f?
True
Suppose 0 = -a - 5*n - 144 - 71, 2*n = 0. Let h = a + 331. Is h a multiple of 3?
False
Suppose 0 = 3*x + 9*g - 11*g + 23, 12 = 3*g. Let z(s) = -3*s**3 - 9*s**2 + 5*s - 5. Is 10 a factor of z(x)?
True
Let k be 2/(-11) + 15190/55 + 1. Let s = 151 - k. Let r = -24 - s. Is r a multiple of 6?
True
Suppose 52 = -2*x + 4*l, -2*l = 4*x - 6*l + 120. Let d = x + 268. Suppose -5*b = b - d. Is b a multiple of 7?
False
Is (3460/(-90))/(16/(-792)) a multiple of 5?
False
Suppose 2*t - 3*y - 4 = 0, 0 = -3*t + 7*t - 2*y - 8. Suppose 4*q + 704 = 5*l, t*q + 431 = 5*l - 271. Is 13 a factor of l?
False
Let t be (-49)/(-7) + 1*-1. Let s(u) = 3*u - 19. Let p be s(t). Is 6 a factor of (-119 + 47)/(3/2*p)?
True
Let y(x) = 213*x + 3066. Is y(-6) a multiple of 64?
False
Let z(k) = -k**3 + 18*k**2 + 17*k + 43. Let u be z(19). Suppose -t - u = 0, n - 95 = -4*n - t. Is n a multiple of 12?
False
Let z be 7/((6/9)/(4/6)). Suppose 9*s = z*s + 18. Suppose -s*x + 6*x + 264 = 0. Is 11 a factor of x?
True
Let o(i) = 6*i - 87. Let c be o(15). Suppose 4743 = 28*z + c*z. Is z a multiple of 9?
True
Let g(d) = -2*d - 48. Let f be g(-19). Does 8 divide ((2 - f/(-6)) + 0)*147?
False
Let r = 11930 + 12447. Is 206 a factor of r?
False
Suppose -90*q + 3*r + 5752 = -85*q, 2*q + 5*r = 2276. Does 28 divide q?
True
Let h = 66 + -63. Suppose -h*m = -150 - 117. Is m a multiple of 9?
False
Suppose r - 54850 = -3*v, -23*v + 24*v - 18254 = -4*r. Does 20 divide v?
False
Let g = 5474 + -3110. Suppose -38*m + 35*m = -g. Is m a multiple of 54?
False
Suppose 0 = 78*j - 46978 - 110972. Is 9 a factor of j?
True
Let f = -184 + 298. Let j(q) = -f + q**2 + 0*q**2 + 136 + 7*q. Does 32 divide j(-11)?
False
Let y(k) = -k - 4. Let c be y(-4). Let j(v) = c + 4 + 9*v - 3*v**2 + 6*v**2. Is 15 a factor of j(-6)?
False
Suppose -669 = -g - 3*u - 90, -g + 607 = -4*u. Let j = g + -253. Is j a multiple of 13?
True
Let n be -1 + (-1)/(2/272) + -1. Is n/(-24)*(-96)/(-2) a multiple of 23?
True
Let j(c) = 100*c - 404. Is 22 a factor of j(8)?
True
Does 9 divide 14 + -6 - ((-63010)/(-2))/(-5)?
True
Let k be (2 + 6/(-4))*4. Suppose -13*q = 9 - 74. Suppose -259 = -k*t - h, q*h + 497 = 3*t + t. Is t a multiple of 23?
False
Let r(b) = 987*b + 282. Is r(4) a multiple of 23?
False
Let d(h) = -383*h + 1. Let v(w) = 766*w - 1. Let a(l) = -7*d(l) - 4*v(l). Let y be a(-1). Suppose -7*p + y = -2*p - 5*q, 0 = -q - 1. Is 15 a factor of p?
True
Let v(t) = -88*t + 4172. Does 25 divide v(9)?
False
Suppose 2*j - 10 = f, 5*j - 13*f + 17*f = 25. Suppose 5*d - 775 = -j*x, 45 + 780 = 5*x - 5*d. Is 10 a factor of x?
True
Let y(x) = 26*x + 5905. Is 9 a factor of y(69)?
False
Let z = 694 + -321. Suppose 1975 = 5*a + 4*u - u, -a - 5*u + z = 0. Does 20 divide a?
False
Let d = -713 - -731. Suppose 1293 = -d*z + 27429. Is z a multiple of 33?
True
Let f(v) = -v**3 + 4*v**2 + 4*v + 36. Let w be f(6). Is 22 a factor of (-9620)/(-16) + 3/w?
False
Let h = -14 - 3. Let t(m) = 40 + 33*m - 16 - 48*m + 16 - m**2. Does 2 divide t(h)?
True
Let c(f) = -6*f - 15. Let d(l) = -11*l - 31. Let i(k) = 7*c(k) - 4*d(k). Is i(2) a multiple of 23?
True
Let k(i) be the first derivative of -i**2/2 + 54*i + 14. Does 14 divide k(20)?
False
Let b = 41 - 53. Let s be b/21*(-42)/6. Suppose 0 = -s*l + 82 + 1150. Is 14 a factor of l?
True
Suppose 82 + 238 = -4*g. Is (-4)/g*15784 - (-2)/(-10) a multiple of 32?
False
Let f(c) = 3*c**2 - 332*c + 1. Is f(139) a multiple of 8?
True
Let g(h) = -h**2 + 5*h. Let i(a) = -7*a**2 + 23*a + 10. Let d(r) = -6*g(r) + i(r). Suppose -x + 9 = 3*o, 3*x + 3*o - 1 = -4. Is d(x) a multiple of 5?
False
Let k(v) = -351*v - 78. Let y be k(-10). Suppose -13*d = -19*d + y. Does 13 divide d?
True
Let w(r) = -r**3 + 8*r**2 + 10*r - 7. Let a be w(9). Let l(q) = 20*q**2 + q**3 - 19*q - 1 - 3*q - a + 23. Is 14 a factor of l(-21)?
False
Let c be 4/((20/85)/(-2)). Let p = c + 60. Let t = p + -12. Is t a multiple of 7?
True
Let g = -71 - -76. Suppose 5 = 3*q - 2*q + p, 5*q + p - g = 0. Suppose q = u + 5*k - 100, -2*k = -2*u + 54 + 158. Does 21 divide u?
True
Suppose -4*t + 0*h - 2*h = 48, -t - 4*h = 26. Is (-3 - 3276/t) + 15/(-25) a multiple of 18?
True
Let g(i) = i**2 + 17*i - 78. Let d be g(-30). Suppose 1352 = 10*c + d. Is 26 a factor of c?
True
Let x = -740 - -1666. Let s = 1459 - x. Is s a multiple of 4?
False
Let i(n) = 643*n - 309*n - 317*n + 62. Is 19 a factor of i(21)?
False
Is 8/((-2)/(-1)) + (19 - 8)*1697 a multiple of 130?
False
Let w be (-26299)/(-117) + (-8)/(-36). Let s = w - 202. Does 23 divide s?
True
Suppose 0 = -5*j + 3*k + 51422, 5*k + 30866 = 24*j - 21*j. Is 53 a factor of j?
True
Let c = 1614 - 749. Suppose -235 = 5*g - c. Is g a multiple of 9?
True
Let h be 8/16*(1 + 9) - 2. Let b(j) = -2*j**3 + 7*j**2 - 5*j + 6. Let m be b(h). Suppose m = -5*p - 2*s + 300, 285 = -2*p + 7*p - s. Does 20 divide p?
False
Let r be 30/(-135) + (-20)/(-9). Suppose -r*c + 0*c + 2*s = 10, 0 = 3*s - 12. Let t(k) = -66*k - 5. Is t(c) a multiple of 12?
False
Let a = 41 + -40. Let m be -2 - (0 + 0)/a. Is 10 a factor of m/(-8) + (-476)/(-16)?
True
Let a = 1100 - 177. Let m(f) = 638*f + 9. Let k be m(1). Let z = a - k. Is z a multiple of 12?
True
Let q = -13678 + 13909. Is 7 a factor of q?
True
Let l(c) be the third derivative of -1/24*c**4 + 1/30*c**5 - 1/2*c**3 + 0 + 0*c - 30*c**2 - 1/40*c**6. Does 6 divide l(-2)?
False
Let n(u) = -u**3 - 4*u**2 + 3*u + 4. Let o be n(-4). Let l = 97 + o. Suppose -4*q + l = 17. Is 3 a factor of q?
True
Let h(y) = -5*y**2 - 4*y + 12. Let g be h(2). Is (6/8*90)/((-3)/g) a multiple of 15?
True
Suppose 0 = -6*j - 13 - 251. Let o = j + 52. Does 7 divide (-420)/(-8)*o/10?
True
Suppose -7*l + 16 = -2*l - 4*r, 8 = -l - 2*r. Let n be l - ((-2306)/(-22) - 2/(-11)). Let w = 9 - n. Is 19 a factor of w?
True
Let c be 3*6/18 - (43 + 0). Let h = 38 + c. Is 14 a factor of (-3)/((-682)/(-172) + h)?
False
Let t = 9 + -9. Let l(x) = -31*x - 195. Let g be l(-8). Suppose -5*m = 15, t*v + g = v - 5*m. Does 13 divide v?
False
Let n be (-522)/(-2) - 4 - 5. Is 8 a factor of (n/(-27))/(6/(-144))?
True
Suppose 17*u - 18*u = 27. Is ((-20)/(-6))/((-87)/u + -3) a multiple of 15?
True
Suppose 7461 = d + 73*v - 74*v, 37323 = 5*d - 2*v. Is d a multiple of 9?
False
Let p(r) = r**2 - 105*r + 914. Does 32 divide p(-90)?
True
Suppose -2*p - 92 = -2*y - 6, -4*y = 12. Let v = -30 - p. Does 9 divide (18 - v)/(4/18)?
True
Suppose 0 = z + 2*t - 9 - 5, 5*z = -4*t + 40. Let n be z/(-18) + (-4120)/(-72). Let d = -3 + n. Is d a multiple of 18?
True
Let q(g) = 29*g - 78. Let b be q(2). Is 15/(-25) - (10232/b + 4) a multiple of 39?
True
Suppose -3*n - 3*f = 114, 4*f - 7 - 1 = 0. Is 7 a factor of (-1 - 13)*(n + 28)?
True
Suppose 50*t + 97*t + 41*t = 16280800. Does 10 divide t?
True
Let m(g) = 12*g**3 + g**2 + 2*g. Let v(d) = 8*d - d**3 + 6*d**2 - 5 + d + 2*d - 3*d. Let x be v(7). Does 26 divide m(x)?
True
Suppose -37*a = -49249 - 23049. Is 30 a factor of a?
False
Let o(a) = -13*a**2 - 13*a - 55. Let u be o(-6). Let m = 638 + u. Is 9 a factor of m?
False
Let k be (0 - (-8492)/14) + (-328)/574. Let o = 114 + k. Does 16 divide o?
True
Let d(s) = 95*s**2 - 54*s - 4. Is d(4) a multiple of 32?
False
Suppose 4*h - 301 = 5*k, 0 = -h + 5*h + 4. Let v(l) = -24*l + 2. Let u be v(-5). Let g = u + k. Is g a multiple of 24?
False
Suppose -2*d = -d - p 